- 2. Let g(b) = b**3 + 11*b**2 + 10*b + 7. Let r be g(-10). Suppose -r = -4*n + 21. Suppose -3*s = -2*s - n. What is j(s)?
5
Suppose 12*b + 35 = -1. Let i = 0 + 1. Let o(u) = -4 - i + 3 + u. What is o(b)?
-5
Let k = -6 + 6. Let r(w) = w**3 - w**2 - 2*w + 2. Let y be r(k). Let v(a) = -2*a**3 + a**2 + 2*a. Determine v(y).
-8
Let p(v) = -v**2 - 5*v. Let y(z) = -z**2 - z - 1. Let t(s) = -p(s) + 2*y(s). Calculate t(5).
-12
Let p(h) be the third derivative of -h**5/40 + h**4/6 - 3*h**3 - 29*h**2. Let z(u) be the first derivative of p(u). Calculate z(3).
-5
Let j(n) = 3*n**2 - n - 2. Let m(c) = -2*c + 22. Let l be -1 + 1*(10 - 0). Let f be m(l). Suppose g = 3*g + f. Calculate j(g).
12
Let n(i) be the third derivative of i**6/120 + i**5/12 + i**4/6 + i**3/6 - 237*i**2 - i. Calculate n(-5).
-19
Let n(j) be the first derivative of -j**2/2 + 6*j + 194. What is n(13)?
-7
Let h(p) = -p**2 - 4*p + 6. Let s = 50 + -48. Suppose s*x + 3*g + 4 = 0, -x + 2*x = -g - 3. Determine h(x).
1
Let j(w) = -w**3 + 6*w**2 - 3*w - 7. Suppose -34*n + 10 = -32*n. Determine j(n).
3
Let z = 75 - 56. Let l(x) = -21 + 2*x**2 - x + z - 5*x**2 - 2*x**3. Suppose 4*n + 3 - 9 = -3*g, 0 = -4*g + 4*n - 20. Calculate l(g).
4
Let h(l) be the third derivative of l**4/24 - 5*l**3/3 - 2*l**2 + 18. Give h(7).
-3
Let a(x) be the third derivative of -x**6/120 + 3*x**5/20 - 7*x**4/24 + 2*x**3/3 - x**2 + 27. Determine a(8).
12
Let t be ((-3)/9)/(2/18). Let l(y) = y**2 + y - 1. Let k be l(t). Let n(q) = -q**2 - k + 0*q + 2*q + 4. Calculate n(2).
-1
Suppose 0 = -0*f + f - 1. Suppose 0 = -2*g - f + 5. Let u(z) = 0 + 2 - 5*z + g*z + z. Determine u(-2).
6
Let d(s) = s**3 + 22*s**2 + 42*s + 32. Let k be d(-20). Let i(r) = -r**2 - 12*r + 1. Give i(k).
33
Let w(v) = -5*v + 6. Let m(y) = 4*y - 5. Let d(n) = -4*m(n) - 3*w(n). Let t(x) = -4*x + 7. Let b(q) = -3*d(q) + t(q). What is b(2)?
-1
Suppose 0 = -2*h - 2*h + 16. Suppose 0*t + 4 = -h*t. Let q(j) = -3*j**3 + 6*j**2 + 6*j + 1. Let o(f) = -f**2 - f. Let z(n) = -4*o(n) - q(n). Calculate z(t).
-4
Let b(q) = q**3 + 6*q**2 + q - 8. Let p be 0*(7/2)/(-7). Suppose -5*v - 35 = 3*r + 2*r, r - 2*v + 4 = p. Determine b(r).
-14
Let f(j) = -91*j**2 - 7*j + 30. Let h(y) = 46*y**2 + 4*y - 17. Let c(i) = -4*f(i) - 7*h(i). What is c(1)?
41
Let q(i) = -2*i - 3. Let r = -821 - -830. Determine q(r).
-21
Let c = -2692 + 2691. Let m(j) = 23*j. Calculate m(c).
-23
Let d(a) be the second derivative of a**5/20 - 5*a**4/12 - 3*a**2/2 + 229*a - 1. Give d(5).
-3
Suppose -10 = -2*o - 8*o. Let f = -1 + o. Let k(g) = g + 6. Give k(f).
6
Let h(q) be the first derivative of q**3/3 - q**2/2 - 5*q + 2. Suppose -3*r - 5*k + 1 = 0, -4*r = 2*k - 5*k + 47. Let o be 8*((-2)/20 + r/20). Give h(o).
15
Let g(x) be the first derivative of -5*x**2/2 - 7*x + 147. What is g(-3)?
8
Let p(j) = j**3 + 4*j**2 - 8*j - 7. Let y(t) be the first derivative of 17*t**2/2 - 9*t - 2. Let m be y(7). Let z be (-2)/11 - 530/m. Calculate p(z).
8
Suppose 0 = -17*g + 14*g + 12. Let u(v) be the third derivative of v**4/12 + 15*v**2 + 2. Determine u(g).
8
Suppose 47*r = 9*r - 228. Let k(y) = -y**2 - 7*y - 7. What is k(r)?
-1
Let a(x) = -x**2 + x. Let k(b) = -3*b**2 + 3*b + 4. Let o(v) = 4*a(v) - k(v). Let s be 169/52 + 2/(-8). Determine o(s).
-10
Let t(j) = j**2 + 11*j + 4. Let m be t(-11). Suppose -z - 3 = -m. Let x(r) = 4*r. Calculate x(z).
4
Let i be (-4)/(-2) + (0 - 2). Let f = -3 + i. Let p(s) be the second derivative of s**4/12 + s**3/2 + 2*s**2 - 165*s + 2. What is p(f)?
4
Let k(g) = g - g**2 + 13*g**3 - 23*g**3 + 12*g**3 - 2*g**2. What is k(2)?
6
Let o(a) be the first derivative of 5*a**3/3 - a**2 - 2*a + 98. What is o(-2)?
22
Let g be -6 - 273/(-12) - 1/(-4). Suppose -24 = 14*c - g*c. Let d(f) = -f**3 + 8*f**2 - f - 1. What is d(c)?
-9
Let w(f) = -f**3 - 3*f**2 - 2*f - 3. Let y be w(-3). Let v(u) = -9*u - 13. Let n(h) = -4*h - 17. Let x(l) = n(l) - v(l). Calculate x(y).
11
Let x(r) = -11*r**3 + 2*r**2 - 3*r + 2. Let f(v) = 3*v**2 - 32*v + 78. Let j be f(7). Give x(j).
-10
Suppose 6*h = h + 25. Suppose -h*n = -g + 21, -4*n - 11 + 3 = -3*g. Let c(y) = -y**3 - 4*y**2 + 6*y + 2. What is c(n)?
-3
Let g(k) be the first derivative of k**3/3 - 7*k**2/2 - 9*k + 62. What is g(10)?
21
Let c(m) be the second derivative of -m**5/20 - m**4/12 + m**3/6 - 2*m. Let s(a) = 81*a**2 - 24 + 16*a - 44*a + a**3 - 70*a**2. Let l be s(-13). Determine c(l).
-10
Suppose 3*k = 2*k. Suppose 5*i - 9*i + 4 = k. Let h(q) = -2*q + 1. Determine h(i).
-1
Let v(c) = 3*c. Let y(j) = -3*j. Let p(r) = -4*r. Let t(h) = -5*p(h) + 8*y(h). Let i(f) = 4*t(f) + 5*v(f). Calculate i(4).
-4
Let g = -268 - -273. Let z(u) = u**3 - 5*u**2 + 2*u + 2. Calculate z(g).
12
Let x be -4*((-15)/(-4))/(-5). Let j(l) = -4*l**3 - 2*l**2 - 8*l + 7. Let n(o) = -3*o**3 - 2*o**2 - 7*o + 5. Let t(k) = 4*j(k) - 5*n(k). What is t(x)?
3
Let x be 1/((10/(-6))/(-5)). Let n(v) = v**x - 2*v**2 - 10 + 2*v + 7 + 6*v**2 + 7. What is n(-4)?
-4
Let k(m) = m**2 - 10*m + 16. Let f(o) = -o**2 + 63*o - 229. Let q be f(4). Determine k(q).
-5
Let d(w) = 4*w + 60. Let q be d(-15). Let k(j) = -j**2 - j + 7. Determine k(q).
7
Suppose 0 = 3*z + 2*z. Let j(q) = 55 + z*q + 6*q**2 - 2*q**2 - 52 + 4*q. Calculate j(-2).
11
Let g = 75 - 74. Let c(t) = -t - 5*t**2 + 17*t**3 + 3 + t**2 - 18*t**3 - g. Calculate c(-4).
6
Let y(s) = -4*s + 15. Let m(d) = 2*d + 25. Let p be m(-13). Let a(n) = n - 1. Let z(w) = p*y(w) - 5*a(w). What is z(-7)?
-3
Let j(q) = -q**2 - 4. Let n(o) = 3*o**2 - o + 10. Let i(w) = 2*j(w) + n(w). Calculate i(2).
4
Let p(y) = -y**2 - 5. Let z(t) = -2*t**2 - 2*t - 11. Let c(q) = 5*p(q) - 3*z(q). Determine c(-5).
3
Let n be (-10)/4*42/(-15). Suppose 4*l = n*p - 5*p + 50, -5*l - 5*p + 25 = 0. Let a(q) = -q + 0 - l + 4. What is a(-6)?
0
Suppose -15 = 3*p + k, 4*k - 8*k = -2*p - 10. Let m(z) = z**3 + 3*z**2 - 6*z + 7. Give m(p).
-13
Let q(z) = -8*z**2 - z - 1. Let m(p) = -4*p. Let i be m(-1). Let u = -13 - -14. Suppose -5 = i*j - u. Calculate q(j).
-8
Suppose -u = -0*r + 2*r + 3, 0 = -u - 4*r - 1. Let f(b) be the second derivative of -b**4/12 - 5*b**3/6 + 3*b**2/2 - 4*b + 60. Give f(u).
3
Let q be -34*(-3)/6 - 0. Let r(z) = -3*z**2 - 41*z + 12. Let y(p) = -p**2 - 14*p + 4. Let m(l) = q*y(l) - 6*r(l). Let w = -1692 - -1684. Determine m(w).
-4
Let q be 6/4*85/51. Let u(p) be the first derivative of -5*p + 5 - 1/4*p**4 - q*p**2 - 7/3*p**3. Calculate u(-6).
-11
Let s be -2*((-6)/4)/3. Let f(d) = -18*d**2 + 8*d + 6. Let h(a) = -17*a**2 + 7*a + 5. Let o(u) = -6*f(u) + 7*h(u). Determine o(s).
-11
Let j be 4/(-6) - (-5)/3. Let a(k) be the first derivative of 5*k**4 + k**3/3 - k + 745. Give a(j).
20
Let x = -299 + 293. Let f(p) = 2*p**2 + 8*p + 2. What is f(x)?
26
Let d(y) = -2*y**2 - 1. Let c be (-4 + 3)/(3/39). Let h = 11 + c. Give d(h).
-9
Let o(t) = 6*t**3 - t. Let h = 49 + -48. What is o(h)?
5
Suppose 3 = 3*h, 0 = 3*a - 5*h - 27 + 11. Let q(u) = u**2 - 8*u + 6. What is q(a)?
-1
Let q(c) = 8*c**3 - 23*c - 24. Let y(i) = 7*i**3 - i**2 - 22*i - 23. Let b(h) = -6*q(h) + 7*y(h). What is b(9)?
1
Let z(k) = 4 + 4*k**2 + 3 + 1 - 10 - 2*k**3 + 3*k**3. Suppose m + 3 + 1 = 0. Calculate z(m).
-2
Suppose -12 = 3*y, -5*o - 4*y + 16 = -o. Let x(c) = 32 - o*c + 33 - 64. What is x(1)?
-7
Let s(g) = g**2 - 6*g + 5. Let o be s(4). Let n(l) be the first derivative of -l**2 - l + 5. Let b(k) = -7*k - 3. Let f(a) = 6*b(a) - 22*n(a). Determine f(o).
-2
Let y(j) be the second derivative of -j**5/20 - 11*j**4/12 - 11*j**3/6 - 13*j**2/2 + j. Let o(n) = n**2 + 19*n - 130. Let u be o(-24). Determine y(u).
-3
Let x(n) = -n**2 - 7*n + 7. Let q be x(-4). Let p = -16 + q. Let m be 0/(0 + p - 1). Let c(l) = l - 6. Give c(m).
-6
Let z(b) be the second derivative of 1/12*b**4 + 0 - 1/2*b**3 + 3/2*b**2 - 5*b. Calculate z(3).
3
Let b(v) = 3*v + 15. Suppose -3*o = 2*o + 35. Let g be b(o). Let i(w) = -3*w - 6. What is i(g)?
12
Suppose -51*o + 13*o = -304. Let g(t) = -t**3 + 7*t**2 + 8*t - 3. Calculate g(o).
-3
Let g(n) = 7 + 30*n**2 + n**3 + 0*n**3 - 57*n**2 + 7*n + 33*n**2. Determine g(-5).
-3
Let r(x) = -x**2 + x - 1. Let d be r(2). Let f(o) be the first derivative of -o**3/3 - 3*o - 262. What is f(d)?
-12
Suppose -4*o = 4*i - 12, 0*i - 3*i = o + 5. Let r(c) = -c + 17. Let p(m) = -m + 17. Let v(w) = 5*p(w) - 6*r(w). Calculate v